 of 543736419?
3, 43, 4215011
What are the prime factors of 5107484829?
3, 19, 2549, 35153
What are the prime factors of 153000392?
2, 19125049
List the prime factors of 1705696611.
3, 73, 1597, 4877
What are the prime factors of 621120961?
37, 2293, 7321
List the prime factors of 1329292164.
2, 3, 47, 2356901
What are the prime factors of 394151283?
3, 379, 115553
List the prime factors of 4523659695.
3, 5, 181, 555391
What are the prime factors of 422024571?
3, 3923, 11953
What are the prime factors of 53498796?
2, 3, 13, 17, 20173
What are the prime factors of 50453565?
3, 5, 3363571
What are the prime factors of 1335199547?
11, 47, 234781
List the prime factors of 3273026009.
11, 367, 810757
What are the prime factors of 3738331714?
2, 13, 850781
What are the prime factors of 1019639807?
19, 79, 35753
List the prime factors of 658271404.
2, 7, 23509693
What are the prime factors of 157283399?
7, 13, 132953
List the prime factors of 1680354406.
2, 181, 4641863
List the prime factors of 82134587.
19, 23, 187951
What are the prime factors of 48861985?
5, 521, 18757
What are the prime factors of 200345072?
2, 173, 72379
List the prime factors of 33985652.
2, 17, 43, 59, 197
What are the prime factors of 80180144?
2, 11, 103, 4423
What are the prime factors of 414935499?
3, 11, 1143073
List the prime factors of 67948812.
2, 3, 907, 2081
What are the prime factors of 73988332?
2, 11, 23, 113, 647
List the prime factors of 226590228.
2, 3, 1697, 3709
List the prime factors of 1889526222.
2, 3, 23, 4564073
What are the prime factors of 47895051?
3, 15965017
What are the prime factors of 64105144?
2, 61, 131363
List the prime factors of 79580200.
2, 5, 7, 56843
What are the prime factors of 62755207?
62755207
What are the prime factors of 5444365941?
3, 7, 83983
What are the prime factors of 326087252?
2, 29, 2811097
What are the prime factors of 2936582714?
2, 13, 112945489
What are the prime factors of 34765182?
2, 3, 1931399
List the prime factors of 15563876.
2, 3890969
What are the prime factors of 14884571?
13, 17, 47, 1433
List the prime factors of 299396802.
2, 3, 157, 317831
What are the prime factors of 2165203726?
2, 7, 11927, 12967
List the prime factors of 2996275320.
2, 3, 5, 23, 120623
List the prime factors of 83584301.
83584301
What are the prime factors of 1251610390?
2, 5, 461, 271499
List the prime factors of 1482295366.
2, 3499, 211817
What are the prime factors of 3217190118?
2, 3, 401, 1337153
List the prime factors of 343982.
2, 293, 587
What are the prime factors of 1211152531?
59, 353, 58153
What are the prime factors of 965554901?
19, 53, 958843
List the prime factors of 1785193381.
1785193381
List the prime factors of 199377917.
199377917
What are the prime factors of 4390584561?
3, 11, 199, 74287
What are the prime factors of 191377690?
2, 5, 7, 19, 37, 3889
List the prime factors of 40274758.
2, 1627, 12377
What are the prime factors of 4335934?
2, 1373, 1579
List the prime factors of 337686516.
2, 3, 3126727
What are the prime factors of 37839307?
11, 3439937
List the prime factors of 115611102.
2, 3, 251, 25589
List the prime factors of 145118090.
2, 5, 13, 463, 2411
List the prime factors of 2703374813.
4517, 598489
What are the prime factors of 4970151523?
4970151523
What are the prime factors of 48496125?
3, 5, 79, 1637
What are the prime factors of 27008822?
2, 13504411
What are the prime factors of 31502149?
7, 29, 3167
List the prime factors of 189018348.
2, 3, 37, 197, 2161
What are the prime factors of 249571329?
3, 7, 53, 224233
List the prime factors of 5155289147.
51431, 100237
What are the prime factors of 2742644?
2, 17, 53, 761
List the prime factors of 681455220.
2, 3, 5, 11357587
List the prime factors of 487437195.
3, 5, 7, 4642259
List the prime factors of 950546870.
2, 5, 7, 13, 41, 73, 349
What are the prime factors of 346004228?
2, 4327, 19991
What are the prime factors of 174661?
389, 449
List the prime factors of 282765180.
2, 3, 5, 523, 9011
List the prime factors of 393378193.
13, 59, 401, 1279
List the prime factors of 86638886.
2, 71, 83, 7351
List the prime factors of 38334197.
11, 31, 79, 1423
List the prime factors of 59070897.
3, 2187811
List the prime factors of 1875461400.
2, 3, 5, 23, 89, 509
What are the prime factors of 121804248?
2, 3, 5075177
List the prime factors of 4792787642.
2, 79, 30334099
List the prime factors of 1616392884.
2, 3, 61, 1483, 1489
List the prime factors of 322196366.
2, 161098183
What are the prime factors of 175256001?
3, 53, 122471
What are the prime factors of 913184888?
2, 7, 11, 1482443
What are the prime factors of 1684272618?
2, 3, 7, 3121, 4283
List the prime factors of 85469998.
2, 97, 440567
List the prime factors of 37526330.
2, 5, 19, 197507
List the prime factors of 3281090112.
2, 3, 643, 2953
List the prime factors of 113719312.
2, 7, 317, 3203
List the prime factors of 5201178285.
3, 5, 137, 2530987
What are the prime factors of 3174087020?
2, 5, 13, 269, 3491
List the prime factors of 52985821.
7, 17, 263, 1693
What are the prime factors of 4050265619?
4050265619
What are the prime factors of 96358161?
3, 32119387
List the prime factors of 3632535.
3, 5, 89, 907
List the prime factors of 3529087881.
3, 11, 106942057
What are the prime factors of 149324718?
2, 3, 1277, 19489
What are the prime factors of 73150809?
3, 487, 50069
List the prime factors of 1976484460.
2, 5, 227, 435349
What are the prime factors of 893958626?
2, 11, 19, 2138657
List the prime factors of 31575779.
179, 176401
What are the prime factors of 513208?
2, 64151
List the prime factors of 25776392.
2, 59, 97, 563
List the prime factors of 7429035671.
7429035671
What are the prime factors of 961708380?
2, 3, 5, 16028473
What are the prime factors of 5796153?
3, 11, 127, 461
List the prime factors of 1741549919.
1741549919
List the prime factors of 95637268.
2, 23909317
What are the prime factors of 106065496?
2, 73, 181619
What are the prime factors of 122694927?
3, 40898309
List the prime factors of 192750103.
7, 13, 503, 4211
List the prime factors of 473836984.
2, 23, 31, 83071
List the prime factors of 39258650.
2, 5, 67, 11719
What are the prime factors of 1799499553?
23, 41, 281, 6791
List the prime factors of 1466571356.
2, 23, 15940993
What are the prime factors of 106557367?
7, 23, 137, 4831
What are the prime factors of 1370787454?
2, 43, 127, 125507
What are the prime factors of 45049534?
2, 22524767
List the prime factors of 572146652.
2, 7, 11, 619, 3001
What are the prime factors of 759741323?
11, 47, 1469519
What are the prime factors of 2891431727?
2891431727
List the prime factors of 5310222586.
2, 2655111293
What are the prime factors of 130266070?
2, 5, 11, 17, 69661
What are the prime factors of 27879699?
3, 113, 82241
List the prime factors of 43539279.
3, 7, 19, 109121
List the prime factors of 87341954.
2, 7, 17, 366983
List the prime factors of 185487035.
5, 103, 360169
What are the prime factors of 142731282?
2, 3, 83, 286609
List the prime factors of 43140982.
2, 19, 601, 1889
What are the prime factors of 31088685?
3, 5, 2072579
List the prime factors of 4252689077.
7, 13, 17, 499, 787
List the prime factors of 19856152.
2, 2482019
List the prime factors of 218496901.
7, 31213843
What are the prime factors of 78483817?
78483817
What are the prime factors of 8331865?
5, 23, 53, 1367
List the prime factors of 53969277.
3, 17989759
List the prime factors of 167489350.
2, 5, 7, 137, 499
What are the prime factors of 392547503?
149, 277, 9511
What are the prime factors of 23768495?
5, 643, 7393
List the prime factors of 859975454.
2, 13, 19, 29, 60029
What are the prime factors of 411424721?
411424721
What are the prime factors of 197001646?
2, 98500823
What are the prime factors of 5262780611?
11, 179, 389, 6871
List the prime factors of 826787668.
2, 7, 5419, 5449
List the prime factors of 192641871.
3, 64213957
What are the prime factors of 14847561?
3, 971, 1699
What are the prime factors of 1410769285?
5, 19, 23, 645661
What are the prime factors of 38758976?
2, 605609
List the prime factors of 51759977.
197, 262741
What are the prime factors of 548884724?
2, 137221181
List the prime factors of 355634709.
3, 118544903
List the prime factors